{"id":41,"date":"2018-11-06T17:24:15","date_gmt":"2018-11-06T16:24:15","guid":{"rendered":"http:\/\/snmb.fr\/?page_id=41"},"modified":"2022-04-22T06:08:09","modified_gmt":"2022-04-22T04:08:09","slug":"contact","status":"publish","type":"page","link":"https:\/\/snmb.fr\/index.php\/contact-2\/contact\/","title":{"rendered":"N\u2019h\u00e9sitez pas \u00e0 prendre contact !"},"content":{"rendered":"<p>Notre mission de conseil est primordiale, pour comprendre vos d\u00e9sirs et chiffrer exactement, \u00e0 un prix comp\u00e9titif, la r\u00e9alisation de vos travaux.<\/p>\n<p>Nos prestations sont ex\u00e9cut\u00e9es dans les r\u00e8gles de l\u2019art, par des \u00e9quipes form\u00e9es et qualifi\u00e9es, qui emploient des mat\u00e9riaux r\u00e9pondant \u00e0 l&rsquo;ensemble des normes en vigueur.<\/p>\n<p><strong>Les activit\u00e9s de l\u2019entreprise SNMB Peinture s\u2019\u00e9tendent sur Paris et toute l\u2019Ile de France.<\/strong> \u00c9galement dans toute la France pour les chantiers ponctuels.<\/p>\n<p>La soci\u00e9t\u00e9 SNMB Peinture est implant\u00e9e \u00e0 Paris 12\u00e8me o\u00f9 se trouve son si\u00e8ge social. Le d\u00e9p\u00f4t se situe \u00e0 Chevilly-Larue (94).<\/p>\n<p>Ainsi, nous garantissons \u00e0 nos clients le double objectif d\u2019une satisfaction totale et d\u2019un travail de qualit\u00e9.<\/p>\n<p><\/p>\n<p><a href=\"https:\/\/snmb.fr\/wp-content\/uploads\/2018\/11\/mailbox-icon-copie.png\"><img loading=\"lazy\" decoding=\"async\" class=\" wp-image-129 alignleft\" src=\"https:\/\/snmb.fr\/wp-content\/uploads\/2018\/11\/mailbox-icon-copie.png\" alt=\"\" width=\"159\" height=\"197\"><\/a><\/p>\n<p><span style=\"color: #000000;\"><strong>Adresse postale :<\/strong><\/span><\/p>\n<p style=\"padding-left: 120px; text-align: left;\"><span style=\"color: #000000;\"><strong>SNMB<\/strong><\/span><br><span style=\"color: #000000;\"><strong>10 rue Mathurin R\u00e9gnier<\/strong><\/span><br><span style=\"color: #000000;\"><strong>75015 PARIS<\/strong><\/span><\/p>\n<p style=\"padding-left: 390px; text-align: left;\"><span style=\"color: #000000;\"><strong><img loading=\"lazy\" decoding=\"async\" class=\"wp-image-767 alignright\" src=\"http:\/\/www.monsoti.fr\/wp-content\/uploads\/2020\/09\/contact-1.jpg\" alt=\"\" width=\"168\" height=\"144\"><\/strong><\/span><\/p>\n<p style=\"padding-left: 210px; text-align: right;\"><span style=\"color: #000000;\"><strong>T\u00e9l :+33 (0)1 46 78 13 09<\/strong><\/span><br><span style=\"color: #000000;\"><strong>Fax : +33 (0)1 49 58 26 44<\/strong><\/span><br><span style=\"color: #000000;\"><strong>E-mail : contact@snmb.fr<\/strong><\/span><br><span style=\"color: #000000;\"><strong>Site : http:\/\/www.snmb.fr<\/strong><\/span><\/p>\n\n\n<p><br><br><br><\/p>\n\n\n\n<div class=\"wp-block-group\"><div class=\"wp-block-group__inner-container is-layout-flow wp-block-group-is-layout-flow\">\n<div class=\"wp-block-group has-black-color has-text-color has-background is-layout-flow wp-block-group-is-layout-flow\" style=\"background:linear-gradient(73deg,rgb(250,250,250) 0%,rgb(249,252,253) 46%,rgb(161,159,163) 100%)\"><div class=\"wp-block-group__inner-container\"><\/div><\/div>\n<\/div><\/div>\n","protected":false},"excerpt":{"rendered":"<p>Notre mission de conseil est primordiale, pour comprendre vos d\u00e9sirs et chiffrer exactement, \u00e0 un prix comp\u00e9titif, la r\u00e9alisation de vos travaux. Nos prestations sont ex\u00e9cut\u00e9es dans les r\u00e8gles de l\u2019art, par des \u00e9quipes form\u00e9es et qualifi\u00e9es, qui emploient des mat\u00e9riaux r\u00e9pondant \u00e0 l&rsquo;ensemble des normes en vigueur. Les activit\u00e9s de l\u2019entreprise SNMB Peinture s\u2019\u00e9tendent<\/p><\/div>\n<div class=\"blog-btn\"><a href=\"https:\/\/snmb.fr\/index.php\/contact-2\/contact\/\" class=\"home-blog-btn\">Lire la suite<\/a><\/p>\n","protected":false},"author":1,"featured_media":136,"parent":76,"menu_order":0,"comment_status":"closed","ping_status":"closed","template":"template\/template-contact.php","meta":{"footnotes":""},"_links":{"self":[{"href":"https:\/\/snmb.fr\/index.php\/wp-json\/wp\/v2\/pages\/41"}],"collection":[{"href":"https:\/\/snmb.fr\/index.php\/wp-json\/wp\/v2\/pages"}],"about":[{"href":"https:\/\/snmb.fr\/index.php\/wp-json\/wp\/v2\/types\/page"}],"author":[{"embeddable":true,"href":"https:\/\/snmb.fr\/index.php\/wp-json\/wp\/v2\/users\/1"}],"replies":[{"embeddable":true,"href":"https:\/\/snmb.fr\/index.php\/wp-json\/wp\/v2\/comments?post=41"}],"version-history":[{"count":43,"href":"https:\/\/snmb.fr\/index.php\/wp-json\/wp\/v2\/pages\/41\/revisions"}],"predecessor-version":[{"id":918,"href":"https:\/\/snmb.fr\/index.php\/wp-json\/wp\/v2\/pages\/41\/revisions\/918"}],"up":[{"embeddable":true,"href":"https:\/\/snmb.fr\/index.php\/wp-json\/wp\/v2\/pages\/76"}],"wp:featuredmedia":[{"embeddable":true,"href":"https:\/\/snmb.fr\/index.php\/wp-json\/wp\/v2\/media\/136"}],"wp:attachment":[{"href":"https:\/\/snmb.fr\/index.php\/wp-json\/wp\/v2\/media?parent=41"}],"curies":[{"name":"wp","href":"https:\/\/api.w.org\/{rel}","templated":true}]}}